 -391 + 392. Determine r(i).
-7
Let f(d) = -4*d + 9. Let c(n) = -2*n + 5. Let y(a) = 8*c(a) - 5*f(a). Calculate y(7).
23
Suppose 1 = 4*k - 5*s - 1, -2*k + 3*s = 0. Let n(b) = 15 + k*b**3 - 30 + 14. What is n(-1)?
-4
Let x(b) = b**3 + 3*b**2 + 3*b + 3. Let w be 72/30 + (-4)/10. Suppose t = 4*a - 2, 0*t + a + 4 = -w*t. Give x(t).
1
Let q(h) = h - 4. Let n be q(6). Suppose x = n*s - 0 + 1, -19 = 5*x - 2*s. Let w(i) = -4*i - 4 - 6*i**2 + 0*i**3 + 9 - i**3. Calculate w(x).
0
Let q(v) = -14*v - 1. Let h(n) = 12*n - 4. Let k(c) = h(c) + q(c). Determine k(1).
-7
Let d be ((-8)/((-40)/15))/((-3)/(-3)). Let c(x) be the second derivative of 1/20*x**5 + 3*x + 5/12*x**4 + 0*x**d - 3/2*x**2 + 0. Give c(-5).
-3
Let t be (-66)/(-10) - (-32)/80. Let a(n) = -t*n**3 + 1 - 136*n**2 + 136*n**2. Let z = 39 + -40. Calculate a(z).
8
Suppose 6*v - 43 = 29. Suppose -v = 3*n - 27. Suppose -60 + 35 = n*i. Let b(o) = o**3 + 5*o**2 - o + 4. Calculate b(i).
9
Let q = -6 + 9. Let j(f) be the third derivative of f**6/360 - f**5/30 + 20*f**3/3 - 25*f**2. Let i(w) be the first derivative of j(w). Calculate i(q).
-3
Let f = 64 - 42. Let k = -20 + f. Let b be 50/20 - k/(-4). Let g(m) = 2*m - 1. Determine g(b).
5
Let f(v) = 3*v**2 + 1. Suppose 3*n - 332 = 4*b, -n + 73 = 3*b - 29. Let z = -107 + n. Determine f(z).
4
Let l(i) = -i**2 - 7*i + 4. Suppose -24*o + 27*o = 261. Let v = 82 - o. Calculate l(v).
14
Let m(w) = 3*w**2 + 11*w - 12. Let o be m(-4). Let z(q) = -q**2 - 11*q - 16. What is z(o)?
8
Let m(q) = -137*q + 65*q + 70*q - 8. What is m(-8)?
8
Suppose -18 = 6*u - 66. Let n(c) = 4*c + 2 - u*c**2 - c**2 + 7*c**2 + 3*c**2. Suppose -2*g + 5*g - 3*b = 0, b + 16 = -3*g. Determine n(g).
2
Let o(d) = -d**3 + 6*d**2 + d + 8. Suppose -5*y = g - 8*y - 13, 5*g = -y + 65. Suppose l + 19 = 4*z - 2*l, l = z - 4. Let f = g - z. Determine o(f).
14
Let n(z) = z + 17. Let s be n(0). Let r(k) = -2 - 5*k - 15*k**2 + 8*k + s*k**2 - 1. Determine r(3).
24
Let x(g) = 1. Let a(l) = -3*l + 2. Let f(v) = a(v) - 3*x(v). Determine f(4).
-13
Let j(r) = r**3 + 8*r**2 + 12*r + 4. Suppose 0 = -15*v + 52*v + 222. Calculate j(v).
4
Let c(x) = 3*x + 4. Let j(r) = 5*r**3 - r**2 - 5*r - 4. Let q(a) = 6*a + 29. Let i be q(-5). Let w be j(i). Determine c(w).
-11
Let x(n) = -4*n**2 - 14*n + 3. Let b(l) = -3*l - 3*l + 2 - 3*l - 3*l**2. Let r(f) = 7*b(f) - 5*x(f). Let o be ((-7)/(-3))/((-2)/(-6)). Determine r(o).
-1
Let v(w) = 2*w**2 + w + 1. Let g(q) = -17*q**2 - 6*q - 6. Let n(o) = -g(o) - 6*v(o). Let k(h) = -h + 3. Let c be k(4). Determine n(c).
5
Let z(t) = -2*t**2 - 6*t + 7. Let q = -4 - -12. Suppose 12 + q = -4*w. Determine z(w).
-13
Let v(h) = 22*h - 4. Suppose b - 4*y = 7, -3*b - 25*y + 22*y = -6. Give v(b).
62
Let m(r) = -7 + 2*r + 7 - 16 + 14*r - 15*r. Give m(-5).
-21
Let o(l) be the first derivative of -7*l**5/60 - l**3/6 + 9*l**2/2 + 8. Let s(k) be the second derivative of o(k). Determine s(-1).
-8
Let m(l) = l**3 - 6*l**2 - 2*l + 9. Let i = -935 + 941. Determine m(i).
-3
Let x(q) = -q + 0*q**2 + 4*q**2 - 3*q**2 - 9. Suppose -4*b + 4*j = -7 - 29, -2*j + 10 = 5*b. Suppose -b*y = -3*y. Calculate x(y).
-9
Let h(u) = u**2 + 11*u + 13. Let v be 0/(2 - (3 + 1) - 0). Let d be (2 - v)/(-2) - 9. Determine h(d).
3
Let f be 6/(2 - (-5)/(-5)). Let c(p) = f + 1 + 2 - 7 - p. Determine c(-7).
9
Suppose -3*a - 4 - 14 = 0. Let s(b) = 2*b - 14. Let l be s(5). Let g(o) = -o**2 - o + 1. Let i(w) = -3*w**2 - 3. Let d(c) = l*g(c) + i(c). Determine d(a).
5
Let v(y) = 10*y + 68. Let m be v(-6). Let r(x) = 2*x - 7. Calculate r(m).
9
Let d(p) = 322*p**2 - 321*p**2 - 27*p - 3 + 24*p. Determine d(5).
7
Let s(k) = 4*k**3 - k**2 + 1. Let b be 7 + 11/((-55)/30). What is s(b)?
4
Suppose 34 = -y + 7*s, y + 1 + 18 = 4*s. Let v(h) = h - 1. Give v(y).
0
Let g(w) = -3*w - 4. Let r = -803 - -800. Calculate g(r).
5
Suppose -5*f = 5*g, 3*f = 5*g - 20 + 52. Suppose 4*a + f*v = 12, -2*a = v - 4*v - 16. Let n(k) = k**2 + 7 - 1512*k + 752*k + 754*k. Give n(a).
2
Let t(h) = -4*h**3 + 27*h**2 + 5*h - 5. Let c(x) = -5*x**3 + 34*x**2 + 4*x - 4. Let q(s) = -5*c(s) + 6*t(s). Give q(7).
11
Suppose 0*c - 5*c - 2*q = 38, 0 = -c - 3*q - 18. Let a(h) = h**2 + 6*h - 7. Determine a(c).
-7
Let q = -9 - -11. Let x(z) be the second derivative of -1/12*z**4 - 2*z + 0*z**3 - 1/2*z**2 + 0. Determine x(q).
-5
Let b(l) be the second derivative of l**5/20 + l**4/2 + l**3/6 + 872*l. What is b(-6)?
-6
Let p = 14 + 24. Let t(o) = -4*o**2 - 3 + 0 + p*o + o**2 + o**3 - 34*o. Let s = 3 - 0. Determine t(s).
9
Let u be 8/(-6) + 284/6. Suppose u - 16 = 10*m. Let w(i) = 5*i - 3. Calculate w(m).
12
Let x(a) = a**2 + 8*a + 3. Let z(o) = -o**2 + 3*o + 22. Let j be z(-4). Calculate x(j).
-9
Let k(w) = w - 5. Suppose 0 = 3*f + 121 - 16. Let v = 39 + f. Suppose -v*q = -8*q + 24. What is k(q)?
1
Let g(u) = 50*u + 51*u + 57*u - 159*u + 14. Calculate g(5).
9
Suppose -37*l + 15 - 15 = 0. Let x(i) be the third derivative of 1/12*i**4 + 2*i**2 + l*i - i**3 + 0. Give x(6).
6
Let f(s) = -s**2 - 1 - 3 - 2*s**2 + s**3 - 3*s + 5*s**2. Let v be f(-2). Let z(i) = -5*i**3 - 7*i**3 + 2 + i + 10*i**3 + 2*i**v. Calculate z(2).
-4
Let o be 3/2*1*2. Let i(l) = -87*l. Let p(d) = 153*d - 1. Let y(b) = -7*i(b) - 4*p(b). Give y(o).
-5
Let d(a) = 5*a**2 - 7*a + 6. Suppose 0 = 113*i - 68 - 45. What is d(i)?
4
Let v(h) = -2*h**3 - h - 1. Let t = -15 - -15. Let y be -3 + -2 + 2 + t. Let g = y - -2. What is v(g)?
2
Suppose -50 = -5*x + 2*s, -72*x + 45 = -67*x - 3*s. Let c(a) = a**3 - 12*a**2 + 4. Calculate c(x).
4
Let f(s) = 1 - s**2 + 16*s**3 + 6908*s - 6909*s - 2. Give f(-1).
-17
Let x = 59 - 47. Let j(f) = x*f**2 + 6*f - 2 + 0*f - 11*f**2. Give j(-3).
-11
Let d(t) be the second derivative of -t**6/120 - t**5/60 - t**4/24 + 3*t**3/2 - 23*t**2/2 - 10*t. Let f(y) be the first derivative of d(y). What is f(0)?
9
Let v be 40/180 + 187/9. Let d = -25 + v. Let n(r) = r**3 + 5*r**2 + 4*r + 6. Determine n(d).
6
Let f(i) = 4 - 2 + i + 4 - 9. Give f(6).
3
Let x(q) = -2*q**2 + 12*q + 48. Let b(y) = y**2 - 6*y - 21. Let p(t) = 9*b(t) + 4*x(t). Suppose 4*c - c = 39. Let m = -7 + c. Determine p(m).
3
Let q(r) = 1 + 1 + r**3 + 6*r - 3 + 7*r**2. Let p = 12 + -17. Let j = -1 + p. Give q(j).
-1
Let q(g) = 3*g + 2*g - 3*g - 5. Let k(y) = 2*y - 4. Let d(u) = 5*k(u) - 4*q(u). Give d(-4).
-8
Let u(y) be the first derivative of -y**4/4 + 2*y**3 - 5*y**2/2 - y + 336. Let r(g) = g + 1. Let o be r(4). Determine u(o).
-1
Suppose 0 = -3*d + 39*d - 252. Let r(l) = l**3 - 6*l**2 - 7*l - 9. Calculate r(d).
-9
Let w(y) = 7*y**3 - 14*y**2 - 10*y. Let x(c) = -12*c**3 + 28*c**2 + 17*c. Let l(d) = -5*w(d) - 3*x(d). What is l(14)?
-14
Let q be ((-156)/117)/(-2*3/(-9)). Let z be 5/(-2)*(-6)/5. Let l(g) = -g**3 + g**3 - g**3 - 2 - g**2 - z*g. Give l(q).
8
Suppose 4*m = 10*m. Suppose 0*y + y = -m*y. Let g(i) = -i**3 - i**2 - i + 2. Give g(y).
2
Let y(v) = -3*v + 6. Suppose 4*a - 55 = -a. Suppose -4*o + 5 = -a. Give y(o).
-6
Let j = -142 - -148. Let y(d) = d**3 - d**2 - 1. Let u be y(2). Suppose -3*r = 3*w + 9, 0 = -5*r - u*w - j - 1. Let k(m) = m**2 + m - 1. What is k(r)?
1
Let q(r) = -r + 13. Let i be 13/(117/27) + (-15)/1. Give q(i).
25
Let i(g) = -10*g - 4. Let o be (-39)/(30/10) + 8. What is i(o)?
46
Let w(d) = d**3 - 3*d**2 - 3*d + 7. Let k be -6*(24 - 17 - 15/2). What is w(k)?
-2
Let w be 14/(-4) + 16/32. Let k be (-4)/8*w*-2. Let a(t) = -t**3 - 5*t**2 - 5*t - 3. Let c be a(k). Let f(b) = b**3 + 6*b**2 - b - 7. Give f(c).
-1
Let c(p) be the second derivative of -p**3/2 + 3*p**2 - 4*p. Suppose l - 4 = -0. Let m be ((-10)/(-4))/(l/8). Determine c(m).
-9
Let i(a) = a**3 - 3*a. Suppose 8 - 24 = 3*w + 5*p, -2*w - 9 = 3*p. Determine i(w).
18
Let z be (1 - -1) + (-12)/(-3). Let r(d) = d - 3. Suppose 3*p - 9*p = -24. Let q(w) = w - 4. Let f(u) = p*q(u) - 3*r(u). Calculate f(z).
-1
Let x(v) = 2*v**3 - 2*v**2 - 3*v + 2. Let h be x(2). Let i be (-2)/(h - 3) + 7. Let a(n) = n**3 - 5*n**2 - 2*n + 4. Determine a(i).
-6
Let m(f) be the second derivative of -f**5/20 + 5*f**4/6 - 13*f**3/3 + 5*f**2/2 + 3*f + 61. Calculate m(6).
-7
Let v(z) = -2*z**3 + z**2 + 2*z + 1. Let w(s) = s**2 + s + 1. Let o(q) = v(q) - 3*w(q). Let g = 4 - 6. Calculate o(g).
8
Let b be -2 + 4 + -1 + 2 - -12. Let r(i) = i**3 - 14*i**2 - 15*i + 2. Determine r(b).
2
Let k(g) = 41*g**2 + g